 3467003719?
13381, 259099
What are the prime factors of 344491725?
3, 5, 29, 149, 1063
List the prime factors of 25612146.
2, 3, 7, 67757
What are the prime factors of 140683029?
3, 46894343
List the prime factors of 6669954284.
2, 7, 17, 2001787
List the prime factors of 4040732192.
2, 7, 149, 121067
List the prime factors of 1267781115.
3, 5, 31, 2726411
What are the prime factors of 3909804762?
2, 3, 19, 191, 179563
List the prime factors of 3980622586.
2, 5407, 368099
List the prime factors of 313887351.
3, 104629117
List the prime factors of 930371759.
479, 1942321
List the prime factors of 96997535.
5, 37, 83, 6317
What are the prime factors of 86289137?
11, 7844467
List the prime factors of 6266489464.
2, 783311183
List the prime factors of 198217126.
2, 191, 518893
What are the prime factors of 2199578333?
47, 46799539
List the prime factors of 213605461.
213605461
List the prime factors of 283320426.
2, 3, 47220071
What are the prime factors of 94832608?
2, 13, 311, 733
What are the prime factors of 217331580?
2, 3, 5, 3622193
List the prime factors of 50425487.
7, 19, 37, 10247
What are the prime factors of 1735703914?
2, 7, 71, 1746181
What are the prime factors of 95773951?
7, 13, 233, 4517
What are the prime factors of 1642151464?
2, 37, 491, 11299
List the prime factors of 272586121.
272586121
List the prime factors of 834278008.
2, 104284751
List the prime factors of 181124620.
2, 5, 37, 157, 1559
List the prime factors of 2948882861.
12163, 242447
List the prime factors of 108946545.
3, 5, 7263103
List the prime factors of 2575927650.
2, 3, 5, 17172851
What are the prime factors of 2664863937?
3, 109, 139, 19543
List the prime factors of 119491490.
2, 5, 11949149
List the prime factors of 753731231.
11, 179, 313, 1223
List the prime factors of 748394499.
3, 1567, 159199
What are the prime factors of 2317274?
2, 29, 39953
What are the prime factors of 6652237994?
2, 613, 631, 8599
What are the prime factors of 979930119?
3, 7, 31, 47, 32027
List the prime factors of 35957763.
3, 23, 19301
List the prime factors of 1229435892.
2, 3, 34150997
What are the prime factors of 335921780?
2, 5, 16796089
What are the prime factors of 176831331?
3, 17, 73, 47497
List the prime factors of 3775104319.
7, 19, 29, 331, 2957
List the prime factors of 535632335.
5, 7, 15303781
What are the prime factors of 16393790?
2, 5, 7, 234197
What are the prime factors of 28476724?
2, 29, 31, 7919
What are the prime factors of 734827908?
2, 3, 61235659
What are the prime factors of 1231128293?
47, 83, 315593
What are the prime factors of 56246238?
2, 3, 115733
List the prime factors of 74869413.
3, 24956471
List the prime factors of 109163958.
2, 3, 31, 586903
What are the prime factors of 234660393?
3, 11, 19, 124753
What are the prime factors of 10960896?
2, 3, 223
What are the prime factors of 37484541?
3, 17, 244997
What are the prime factors of 1220453328?
2, 3, 191, 133121
List the prime factors of 1328223584.
2, 709, 58543
What are the prime factors of 75680810?
2, 5, 23, 47, 7001
List the prime factors of 27114411.
3, 2083, 4339
What are the prime factors of 185922355?
5, 601, 61871
List the prime factors of 805000741.
11551, 69691
List the prime factors of 170868785.
5, 17, 2010221
List the prime factors of 21129076.
2, 107, 49367
List the prime factors of 165832396.
2, 41458099
What are the prime factors of 8611133?
8611133
What are the prime factors of 277413686?
2, 11, 12609713
List the prime factors of 487691255.
5, 97538251
List the prime factors of 2266506820.
2, 5, 67, 1691423
List the prime factors of 2400705062.
2, 7, 19, 41, 251, 877
List the prime factors of 4361885788.
2, 13, 101, 877, 947
List the prime factors of 368082461.
41, 107, 83903
What are the prime factors of 1268310711?
3, 6971, 60647
List the prime factors of 781408949.
27527, 28387
List the prime factors of 33551246.
2, 181, 92683
What are the prime factors of 161547784?
2, 167, 120919
List the prime factors of 1889035099.
7, 269862157
List the prime factors of 18127802.
2, 7, 11, 53, 2221
What are the prime factors of 77861419?
41, 1899059
List the prime factors of 2400191880.
2, 3, 5, 709, 28211
What are the prime factors of 50387007?
3, 11, 29, 37, 1423
List the prime factors of 4075926694.
2, 7, 1033, 281837
What are the prime factors of 138412642?
2, 3851, 17971
List the prime factors of 236192758.
2, 2293, 51503
List the prime factors of 13614862.
2, 29, 191, 1229
List the prime factors of 1096800293.
1096800293
What are the prime factors of 51633103?
593, 87071
What are the prime factors of 559053753?
3, 191, 975661
What are the prime factors of 377017878?
2, 3, 41, 1532593
List the prime factors of 1242829922.
2, 233, 1367, 1951
List the prime factors of 1986770931.
3, 662256977
List the prime factors of 69249484.
2, 17312371
List the prime factors of 30702638.
2, 15351319
What are the prime factors of 334660081?
7, 41, 103, 11321
What are the prime factors of 1425062631?
3, 101, 283, 16619
What are the prime factors of 127741704?
2, 3, 523, 10177
What are the prime factors of 629259?
3, 37, 5669
List the prime factors of 913913881.
727, 1257103
What are the prime factors of 12762340?
2, 5, 638117
What are the prime factors of 442313833?
13, 67, 179, 2837
What are the prime factors of 23914577?
23914577
List the prime factors of 151236418.
2, 43, 199, 8837
What are the prime factors of 139120?
2, 5, 37, 47
What are the prime factors of 76008578?
2, 83, 263, 1741
What are the prime factors of 1401551404?
2, 11, 31853441
List the prime factors of 1123470756.
2, 3, 193, 53899
List the prime factors of 1413017233.
12043, 117331
List the prime factors of 77235298.
2, 7, 79, 69833
What are the prime factors of 439602582?
2, 3, 19, 281, 13723
List the prime factors of 188059468.
2, 43, 223, 4903
What are the prime factors of 900705105?
3, 5, 1667, 12007
List the prime factors of 130011207.
3, 43337069
List the prime factors of 1843646512.
2, 23, 5009909
What are the prime factors of 41352630?
2, 3, 5, 11, 125311
List the prime factors of 4706136.
2, 3, 163, 401
List the prime factors of 106319503.
106319503
What are the prime factors of 45288919?
13, 3483763
What are the prime factors of 34289685?
3, 5, 761993
What are the prime factors of 302699288?
2, 37837411
List the prime factors of 1333057534.
2, 37, 43, 79, 5303
What are the prime factors of 3353870557?
19, 23, 83, 92467
List the prime factors of 219068332.
2, 7, 7823869
List the prime factors of 147300627.
3, 331, 148339
What are the prime factors of 257418425?
5, 11, 43, 1979
What are the prime factors of 314678350?
2, 5, 7, 173, 5197
List the prime factors of 288467767.
7, 787, 52363
What are the prime factors of 49764714?
2, 3, 2111, 3929
What are the prime factors of 801726720?
2, 3, 5, 281, 743
What are the prime factors of 46751482?
2, 59, 396199
What are the prime factors of 33614612?
2, 823, 10211
List the prime factors of 369688816.
2, 7, 443, 7451
List the prime factors of 67671848.
2, 29, 291689
List the prime factors of 161079522.
2, 3, 17, 419, 3769
List the prime factors of 417177570.
2, 3, 5, 13905919
List the prime factors of 744412853.
59, 211, 59797
List the prime factors of 362429885.
5, 17, 4263881
What are the prime factors of 3508530714?
2, 3, 13, 149, 3727
What are the prime factors of 5147841733?
563, 9143591
What are the prime factors of 23406925?
5, 71, 13187
List the prime factors of 1669435811.
4229, 394759
What are the prime factors of 5757684?
2, 3, 19, 25253
List the prime factors of 23646012.
2, 3, 13, 41, 3697
What are the prime factors of 45448656?
2, 3, 11, 86077
List the prime factors of 2720667256.
2, 6221, 54667
What are the prime factors of 8431582?
2, 691, 6101
What are the prime factors of 952432275?
3, 5, 12699097
List the prime factors of 29143413.
3, 13, 249089
What are the prime factors of 153265779?
3, 2017, 8443
List the prime factors of 2236012046.
2, 37, 73, 413923
List the prime factors of 277730710.
2, 5, 349, 79579
What are the prime factors of 80268197?
80268197
What are the prime factors of 1182878193?
3, 7, 19, 1637, 1811
List the prime factors of 3563691602.
2, 199, 8953999
List the prime factors of 20957947.
37, 566431
What are the prime factors of 1